 y?
61
Let x(i) = -8*i**2 + 4*i + 45. Let b be x(-8). Let s = b + 860. Calculate the highest common factor of s and 38.
19
Let d be -3 + (-99 - -7) + 5. Let s be (4*3/(-10))/(18/d). Calculate the greatest common factor of 9 and s.
3
Let y = -18966 - -19246. Let q be 0/3 - (1 + -41). Calculate the highest common factor of q and y.
40
Let f(q) = -5*q + 67. Let u be f(17). Let h be u/24 - (249/(-12) + 0). What is the greatest common factor of h and 15?
5
Suppose 3*i - 50 = 145. Let m = i + -44. Suppose -4*o + 168 = -o. Calculate the greatest common divisor of m and o.
7
Let g(h) = h**2 + 4*h - 28. Let c be g(4). Suppose c*v + 6 = 538. What is the greatest common divisor of v and 7?
7
Suppose -35*b + 60*b = -15*b + 7200. Calculate the highest common factor of b and 276.
12
Let h = 459 - 146. Let d = 448 - h. Calculate the greatest common factor of 15 and d.
15
Let n be -2 - 1 - -1*(9 + 1). Let l be 4 + (4/4 - -2). Calculate the highest common factor of l and n.
7
Let l be (-1)/1 - 27/(-3). Let u(c) = -12*c**2 + 4*c - 6. Let p be u(2). Let o = 54 + p. What is the highest common divisor of o and l?
8
Suppose -4*o = 2*f - 14, 3*o - 2 - 4 = 0. Suppose m - n - 59 = 0, 0 - 3 = -f*n. What is the highest common divisor of 20 and m?
20
Let j(s) = s + 52. Let k be (38/8)/(14/(-56)). Let l be j(k). Calculate the greatest common factor of l and 33.
33
Let h be (-15)/(-2) - 5/10. Suppose o + 9 = 3*y, -o = -4 + h. Let v be (1 - (6 - 0)) + 8. What is the highest common divisor of y and v?
1
Suppose 3*n - 5*d - 205 = 0, 3*n - 2*d - 13 = 177. Let a = -2194 + 1378. Let j = a + 840. What is the highest common factor of j and n?
12
Suppose 93*m - 950 = 3*m + 52*m. What is the highest common divisor of 25 and m?
25
Suppose -3*b + 2*b = 0. Suppose -s + 201 = 5*n, -4*n - 3*s + 6 + 157 = b. Let c = 43 - -17. Calculate the highest common divisor of n and c.
20
Suppose 231*w = 244*w - 130. Let u(g) = -6*g - 8. Let j be u(-6). Suppose m = z - j, 2*z - 5*z + 4*m + 87 = 0. Calculate the highest common factor of w and z.
5
Let p = -4475 + 4532. What is the highest common divisor of 3363 and p?
57
Let a be 3588 + (-6)/(-1) + -7 + (13 - 14). Calculate the highest common factor of 22 and a.
22
Let o(d) = -11*d - 5. Let t be o(0). Let y be (-3)/(0 + t/10). Let v be (6/y)/((-3)/(-144)). What is the greatest common factor of v and 12?
12
Let a be (-630173)/(-1292) - 3/(-12). Suppose 8 = 2*b - b. Calculate the highest common factor of a and b.
8
Let r = -9212 - -9230. What is the highest common factor of 5994 and r?
18
Suppose 0 = -6*m + 1242 + 1692. Suppose 0 = -5*f - 3*d + d + 608, -d - m = -4*f. Calculate the greatest common factor of f and 183.
61
Let h = -117 + 122. Let z be ((-26)/(-6))/(h*(-1)/(-135)). What is the greatest common factor of z and 9?
9
Suppose -1249 - 8027 = -2*u - 5*s, s - 9268 = -2*u. Suppose -21*n + u = -1982. Calculate the greatest common divisor of n and 90.
45
Let r be -8 - 5/21*-6*7. Calculate the greatest common divisor of r and 868.
2
Suppose 0 = -4*i + 5*w + 668, i - 5*w - 51 = 86. Let a = 8 - 5. What is the highest common factor of a and i?
3
Let v be 16/256*-8*-68. Calculate the greatest common factor of 2686 and v.
34
Let w(y) = -3*y**3 - y**2 + 4*y - 1. Let n be w(-3). Let j = n + -33. Suppose -16*z = -23 - 19 - 166. What is the highest common factor of z and j?
13
Suppose -11*t + 9*t + 3*d = -523, -4*t + 2*d = -1042. Let p = 13 - -39. Calculate the greatest common factor of p and t.
52
Suppose -14*d - 470 = -1030. What is the highest common factor of d and 96?
8
Let x be (686/(-4) - -2)*-18*(-7)/(-21). What is the highest common factor of 36 and x?
9
Let c be -3*(35 + 6255/(-135)). Suppose 0 = -2*b - 213 + 791. What is the highest common divisor of b and c?
17
Suppose -3*x - 3*d + 39 = 0, 4*x - 24 = 2*d + 70. Calculate the greatest common factor of 284 and x.
4
Suppose 37*y - 1266 - 1731 = 0. What is the highest common divisor of y and 66?
3
Let l(b) = 10*b - 111. Let h(g) = 4*g**2 + 7*g - 43. Let z be h(-5). Let i be l(z). Calculate the greatest common factor of i and 1.
1
Suppose 36*o + 33630 = -23*o. Let p = o + 685. What is the highest common divisor of p and 1495?
115
Suppose 2*i + 576 = 4*i. Suppose w - 14 + 5 = 0, 3*z - 369 = -5*w. What is the highest common divisor of z and i?
36
Let g(l) = -140*l - 390. Let z be g(-3). Calculate the greatest common factor of z and 45.
15
Let b(d) = 151*d + 6959. Let n be b(-46). What is the highest common divisor of n and 18317?
13
Let s(a) = -196*a + 12. Let g be s(-6). What is the greatest common factor of 16 and g?
4
Let d(z) be the second derivative of z**3 - 7*z**3 + 9*z + 2*z**3. Let c be d(-4). Calculate the highest common divisor of 32 and c.
32
Let r(c) = c**3 - 15*c**2 - 16*c + 1. Let x be r(16). Let f = 23 + -23. Suppose -11*z + 3*z + 64 = f. What is the greatest common factor of z and x?
1
Suppose -2*g = -3*n + 147, -2*g = -91*n + 89*n + 100. Let p = 846 - 423. What is the highest common divisor of p and n?
47
Suppose -2*a + 55*c - 70*c = -3410, -3*a + 3*c = -5013. Calculate the highest common divisor of a and 536.
67
Let b(k) = 36*k**2 - 10*k - 19. Let j be b(-2). Suppose -j*a - 6 = -151*a. Suppose -4*u - 33 = -7*u. What is the greatest common divisor of a and u?
1
Suppose -9*x = 49*x + 49*x - 2568. Let v = 0 + 1. Let q = 5 + v. What is the greatest common divisor of q and x?
6
Suppose 34*z - 37*z - f + 1232 = 0, 0 = 4*z + 5*f - 1661. What is the highest common factor of z and 2?
1
Let h = 3996 + -3855. What is the greatest common divisor of h and 282?
141
Suppose b + 3*j + 836 = 2*j, 0 = -3*b - 2*j - 2503. Let i = b + 1195. What is the highest common divisor of 13 and i?
13
Let l = 477 + -478. Let c(h) = 29*h**2 - 13*h - 12. Let n be c(l). What is the greatest common divisor of n and 27?
3
Let s(b) = 691*b - 2575. Let r be s(4). What is the greatest common divisor of 216 and r?
27
Let d = 4 - -42. Suppose -3915*k + 3913*k + 1197 = -m, 3*k - 4*m - 1798 = 0. Calculate the greatest common divisor of k and d.
46
Suppose m + 241 + 944 = 0. Let r = -789 - m. Calculate the highest common divisor of 44 and r.
44
Let d(w) = 2*w**3 + 21*w**2 - 20*w - 9. Let l be d(-4). Calculate the greatest common factor of 27 and l.
9
Let m = -57 + 62. Suppose m*d = -4*j + 22, -5*d + 0*d = -4*j + 2. Suppose -3*w = -2*c + 126, 0 = w + j*w - 8. Calculate the highest common divisor of c and 22.
22
Let k = -47 - -91. Let r(u) = 2*u**2 + 7*u + 25. Let o be r(8). Calculate the greatest common divisor of o and k.
11
Let q(x) be the third derivative of -x**4/24 + 59*x**3/6 + 4*x**2 + 8. Let k be q(2). What is the greatest common divisor of k and 76?
19
Let i(y) = -y**2 + 2*y - 2. Let p be i(1). Let x be p*(3/1 - 5). Suppose -d = -x*d + 7. What is the highest common divisor of 14 and d?
7
Let k be -3*10*(-59)/(7375/800). Calculate the highest common factor of 330 and k.
6
Suppose -12 = -5*i + 18. Let n be (i/(-8))/((-2)/72). Suppose -324 - 292 = 4*z - 652. What is the greatest common factor of n and z?
9
Let b(v) = -4*v - 9. Suppose -4*h = -12, -4*w - h - 18 = h. Let r be b(w). Let q be ((-18)/108)/((-5)/150). Calculate the highest common factor of r and q.
5
Let r be 4/(-5)*25*2/(-4). Suppose -555 = -r*q + 5*q. Suppose 6*x - q = 57. Calculate the greatest common factor of x and 7.
7
Let k(j) = j**3 - 57*j**2 + 17 - 21*j - 60*j**2 + 116*j**2. Let q be k(7). Calculate the greatest common divisor of 41 and q.
41
Suppose 3*r = -3*t + 1605, 814 = -5*r + 4*t + 3498. Calculate the greatest common divisor of 20 and r.
4
Suppose -405*p - 6578 = -431*p. Calculate the highest common divisor of p and 132.
11
Let z = 5840 + -5792. Calculate the greatest common factor of 486 and z.
6
Suppose 4*h - 3*n - 412 = 0, h - 65*n = -70*n + 80. What is the greatest common factor of 190 and h?
10
Suppose 29*o - 4323 + 379 = 0. What is the greatest common divisor of o and 2414?
34
Suppose 0 = 2*s - 2*h - 440, -6*h = -31*s + 28*s + 645. Calculate the greatest common factor of s and 275.
25
Let t(n) = 2*n**2 - 12*n + 26. Let o = -30 - -35. Let d be t(o). Suppose -g - s + 144 = -5*s, g - s - 132 = 0. What is the highest common factor of g and d?
16
Let v be 2*(-1268)/(-16)*-6. Let r be (-60)/(-100) - v/15. What is the greatest common factor of 608